Let x(f) = -3*f**2 - 5*f + 2. Let g(t) = t**2 + 2*t. Let y(j) = -7*g(j) - 3*x(j). What is the units digit of y(w)?
9
Suppose 6*w + 12802 - 122398 = -5*a, -5*w + 91330 = 5*a. What is the thousands digit of w?
8
Suppose 5*z = 2*d + 29, 33 = -3*d + 2*z + 2*z. Let v = 2 - -8. Let a = v + d. What is the units digit of a?
3
Let n be 127 - (-4 - -3 - -3). Suppose -b - n = -6*b. Let a = 45 - b. What is the tens digit of a?
2
Suppose c - 8 + 90 = 0. Let d = -9027 - -8886. Let y = c - d. What is the tens digit of y?
5
Suppose 4*t - 40410 = -22*t + 8*t. What is the units digit of t?
5
Let m = -97 + 269. Let i = m - -222. Suppose 0*c = -3*y + 5*c + 229, -4*c = 5*y - i. What is the tens digit of y?
7
Suppose 0 = -2*m - 8*p + 10*p + 21308, 5*m - p - 53270 = 0. What is the ten thousands digit of m?
1
Let p(y) = -5*y**3 - 17*y**2 - 292*y - 30. What is the ten thousands digit of p(-18)?
2
Let d(a) = 5*a - 6. Let u(t) = 6*t**2 + 9*t - 26. Let h(y) = 5*y**2 + 8*y - 26. Let w(z) = 5*h(z) - 4*u(z). Let c be w(-8). What is the tens digit of d(c)?
2
Let q = -26 - -29. Suppose 0*s - q = s. What is the tens digit of 0 - ((-99)/(-1))/s?
3
Suppose 4*k - 22 = -38. Let v = 63 + -61. What is the units digit of (k + v)/((-20)/2510)?
1
Let p be (-32)/3*(-9879)/148. Suppose -3*j = u - 1082, -3*j - 3*u = -j - p. What is the units digit of j?
2
Let o be 74/((-12)/9 + (-6)/9). Let d = o - -77. Suppose 0 = 7*q - d - 51. What is the tens digit of q?
1
Suppose -5*g - 98 = -o, 6*g = 3*g - 2*o - 51. Let a = g + 26. Suppose -h - 2*y + a*y = -71, h = -2*y + 50. What is the tens digit of h?
5
What is the thousands digit of (-9934512)/(-770) - 4/(-110)?
2
Let g be (-13 - -3)*3/(45/474). Suppose -1315 = 3*n + 86. Let p = g - n. What is the units digit of p?
1
Let c be (10/(-4))/((-90)/144). Suppose o + 2*m - 998 = m, 5*m = -c*o + 3987. What is the tens digit of o?
0
Suppose 3*j = 117641 - 689. What is the hundreds digit of j?
9
Let p(g) = -2*g**3 + 7*g + 1. Let u be p(-2). Suppose 10 = -5*v - 0, 5*v = u*k - 1963. What is the tens digit of k?
5
Let r(o) = o**2 + o - 1. Suppose 0 = -y + 5*h + 20, 5*y + 5*h + 20 = 9*y. Suppose y = 5*l + 2*w + 20, 0*l + w = -3*l - 12. What is the units digit of r(l)?
1
Let n(m) = 22*m - 105. Let o be n(-6). Let k = -145 - o. What is the units digit of k?
2
Let f(j) = 0*j - 577 + 541 - j + j**2. What is the units digit of f(-6)?
6
Suppose d - d + 3*d - 43392 = 0. What is the units digit of d?
4
Let y = -3659 - -3795. What is the hundreds digit of y?
1
Let g = -34 + 41. Let p(d) = 21*d + 3*d**2 + 37*d + 14 - 55*d. What is the hundreds digit of p(g)?
1
Let j(k) be the first derivative of -k**4/4 - 10*k**3/3 - 13*k**2 - 37*k + 105. What is the tens digit of j(-12)?
6
Suppose 0 = y + 194 - 493. Let p = 453 - y. Let i = p + 125. What is the tens digit of i?
7
Let j(x) = 16*x**3 - 3*x**2 - 14*x - 18. Let k be j(-4). Let p = k - -1477. What is the tens digit of p?
4
Let o be (-410)/123 - 5/3. Let z = 872 - o. What is the hundreds digit of z?
8
Let k = -367 + 365. What is the tens digit of (6 - k) + 1725/25?
7
Let u(h) = 5*h**3 - 3*h**2 - 16*h + 54. Suppose -2*b = 5*w - 38, 4*b - 46 = -56*w + 51*w. What is the units digit of u(w)?
0
Let i(y) be the second derivative of y**5/20 + y**4/12 + 2*y**3/3 + 1031*y**2/2 + 220*y. What is the units digit of i(0)?
1
Let f(n) = 6*n - 88. Let b be f(21). Suppose b*p = 33*p + 2375. What is the tens digit of p?
7
Suppose 24*j + 5*n + 115 = 26*j, 3*n + 117 = 2*j. Let h = -22 - -6. Let r = h + j. What is the tens digit of r?
4
Let y = 80455 + -45117. What is the ten thousands digit of y?
3
What is the thousands digit of 2/14 - 4831968/(-336)?
4
Let h = 9700 - 4738. Suppose -5*g + 6207 = -5*n + 3*n, 4*g = -2*n + h. What is the thousands digit of g?
1
Let r(y) = y**3 + 9*y**2 + y + 2. Suppose -6*w = -9*w + 144. Suppose 7*x = 13*x + w. What is the tens digit of r(x)?
5
Let h = -299 - -543. Suppose -2193 = -h*t + 241*t. What is the hundreds digit of t?
7
Let g(k) = 13*k**2 + 21*k - 28. Suppose 307 = 14*r + 55. Let z(m) = 3*m**2 + 5*m - 7. Let y(t) = r*z(t) - 4*g(t). What is the tens digit of y(-7)?
4
What is the hundreds digit of (-3)/2*(939396/(-20))/((-135)/(-150))?
2
Let p(g) = g**3 + 18*g**2 + 22*g - 24. Let a be p(-16). Let l = a + 89. What is the hundreds digit of l?
2
Suppose 3*b = 34*u - 29*u - 21553, -2*b + 17260 = 4*u. What is the units digit of u?
3
Let y(c) = -c**2 - 4*c + 5. Let v be 8/18 + 31/(-9). Let t be y(v). Suppose -t*r - 251 = -1827. What is the tens digit of r?
9
Let t(u) = u**3 - 10*u**2 + u + 13. Let d(l) = 2*l**3 - 2*l**2 + 2*l - 2. Let f be d(2). What is the units digit of t(f)?
3
Let u(l) = -4*l + 49. Suppose 12 + 86 = 7*b. Suppose -4*s = -8, 0*s = 2*j + s - b. What is the tens digit of u(j)?
2
Let s = -16296 - -34412. What is the hundreds digit of s?
1
Let z be (-4)/6 - 829/3. Let u be -174 - (-13)/(39/18). Let s = u - z. What is the tens digit of s?
0
Let g = 327 - 387. Let p = 168 + g. What is the units digit of p?
8
Let z = -94 + -153. Let v be (12/(-10))/(6/15) - z. What is the tens digit of v*(-1)/(-2) - (2 - 2)?
2
What is the hundreds digit of (1 - 7/3)*17590*15/(-40)?
7
Suppose -q = -4*v - 13, 7*q - 6*q - 3*v - 15 = 0. Let u(n) = 5*n + 3*n**3 - 21*n**2 - 2*n**3 + 52 + 0*n**3. What is the units digit of u(q)?
7
Let z(a) = -a**3 - 7*a**2 + 5*a - 9. Let m be z(-8). Suppose -17*f + m*f = -104. Suppose -f*t = -56*t + 16. What is the units digit of t?
4
Suppose 0 = -4*c + 2*d + 12, -2*c + 0*c = -2*d - 6. Suppose 0 = c*m + 4*m - 4*m. Suppose m = -6*y + 822 - 276. What is the units digit of y?
1
Suppose -3*v - 2*u = -7*u - 1, -u - 10 = -2*v. Let r = -202 + 141. What is the tens digit of r/(-3) + v/(-21)?
2
Suppose 0 = -6*n + 265 - 3823. Let y = 581 - n. What is the thousands digit of y?
1
Let o be (2/(-8))/(6/(-264)). Let w(f) = 0*f + o*f + 9 + 0*f + 17*f**2 + f**3 - 6*f**2. What is the units digit of w(-8)?
3
Suppose 154*s = 149*s - 5*i + 313715, -5*i + 25 = 0. What is the ten thousands digit of s?
6
Suppose -14*k - 10*k + 120 = 0. Let y(w) = 4*w**3 + 4*w - 16. What is the hundreds digit of y(k)?
5
Suppose 2*d + 5*n = 17887, -17837 = -2*d + 265*n - 260*n. What is the tens digit of d?
3
Let d be -6*40/(-30) + 12/2. Let n be (-129*2)/(4/(-30)). Suppose n = s + d*s. What is the units digit of s?
9
Let f(o) = 37*o**2 + 21*o - 42. Let b be f(-9). Suppose 3535 - 763 = 5*j + g, -5*j - 3*g = -b. What is the tens digit of j?
5
Let c = -27 - -167. Suppose -2*j + 500 = 2*j + 5*n, j + 5*n = c. What is the hundreds digit of j?
1
Suppose 3*m + m - 16 = 0. Suppose 731 = 2*z + 2*s + s, z = -m*s + 353. What is the tens digit of z?
7
Suppose 27*d - 15*d = 96. Let p(g) = -16*g + 19*g - 13*g - d*g - 3. What is the tens digit of p(-10)?
7
Let l = 394 - 390. Suppose -5*g + 20 = 0, -2*x + 1391 = l*g + 385. What is the units digit of x?
5
Suppose -3*z + 5*h + 31 = 0, 4*h - 46 = -9*z + 9. What is the units digit of z?
7
Let t be 1/((-1 - 1)/(-52)). Let v = t - 23. Let c = v - -107. What is the units digit of c?
0
Suppose -11 = -6*o + 5*o. Let s be -2 - (-3 - (-2 - -3 - o)). What is the tens digit of (-1 + s*1)*(-2 + 1)?
1
Suppose 3 = -4*a - 3*v - 8, a = 4*v + 21. Let s(d) = -6*d**3 + 2*d**2 - 4*d + 2. Let h be s(a). What is the tens digit of h*((-56)/(-16))/((-3)/8)?
5
Let r(a) = -3*a**3 + 183*a**2 + 11*a - 74. What is the thousands digit of r(58)?
0
Let o = -273 - -276. Suppose -3*z + 336 = -2*y - 2*y, -2*z + 225 = -o*y. What is the units digit of z?
8
Suppose 4*a = 2*x - 622, -17*a - 5*x = -15*a + 329. Let q = 288 - a. What is the tens digit of q?
4
Let d(w) = 5*w**3 - 13*w**2 - 28*w + 2. Suppose h - 3*g = -8, 16 = 3*h + 2*g - 3*g. What is the units digit of d(h)?
4
Suppose 3*i + 1443 = 2*g - 13409, 0 = -4*g + 5*i + 29710. What is the thousands digit of g?
7
Let q = -351 + 500. Suppose 5*d - q = 116. Let p = d + -33. What is the units digit of p?
0
Let f(m) = 52*m**3 - 3*m**2 - 20*m + 18. What is the hundreds digit of f(5)?
3
Let r = -59888 - -96086. What is the hundreds digit of r?
1
Let v(x) be the first derivative of x**3/3 + x**2 - 19*x + 39. Let t be v(-6). What is the units digit of 396/t - (-13)/(-65)?
9
Suppose 0 = 47*z - 138002 - 93003. What is the tens digit of z?
1
Suppose -185670 = -1334*c + 1319*c. What is the thousa